12/2)/(-2) - -8. Let u be 1 - (2 + 0 - 5). Suppose -b = u*v - 30, l*b = 6 + 4. List the prime factors of v.
7
Let c be -4*(7/2 + 1). Let i = 10 + c. What are the prime factors of (-34)/i - 1/4?
2
Suppose -12*m = 4*m - 2976. What are the prime factors of m?
2, 3, 31
Suppose 3*i + 3*k - 15 = 0, -2*k + 14 = 4*i - 0*i. Suppose -6*j + 8 = -i*j. What are the prime factors of j?
2
Let q(t) = 3*t**2 + 13*t + 8. List the prime factors of q(-6).
2, 19
Suppose 9*k - 1260 = 3*k. List the prime factors of k.
2, 3, 5, 7
Suppose -5*n + 2*n = -111. List the prime factors of n.
37
Let f(q) = -10*q - 2. Let o be f(-1). Suppose -40 = 3*z - o*z. What are the prime factors of z?
2
Let x(f) = -21*f + 4. List the prime factors of x(-4).
2, 11
Suppose 17 = -5*i + 7, 2*i = 5*x - 24. Suppose -3*v + y + 46 = -0*y, v - 8 = x*y. List the prime factors of v.
2
Let x(z) = 3*z - 12. Let g be x(8). Suppose -g = -5*q + q. Suppose -21 + 1 = -4*f, f = -q*i + 11. What are the prime factors of i?
2
Let j(s) = 3*s - 9. Let i(d) = -d**3 + 4*d**2 - 2*d + 3. Suppose -3*u + 0 = -9. Let p be i(u). List the prime factors of j(p).
3
Let c = 1 - -3. Suppose -c*s = s + 2*h + 29, 3*s + 5*h + 6 = 0. Let b = 6 - s. List the prime factors of b.
13
Let m be (-1)/4 - 15/4. Let c = 4 + m. Suppose u + c*u = 3. List the prime factors of u.
3
Let f(a) = 6*a - 8. Suppose x + 0*x - 3*n = 14, 5*n = -15. List the prime factors of f(x).
2, 11
Let g(j) = -3*j + 14. Let h be 2/7 + (-88)/14. List the prime factors of g(h).
2
Let n(l) = 16*l**3 - 1. Let i be 20/16 - (-2)/(-8). List the prime factors of n(i).
3, 5
Let j be (2/(-3))/(4/(-30)). Suppose 5*h - 3*l = -0*l + 134, j*h + 3*l - 116 = 0. Suppose 0*q - h = -5*q. What are the prime factors of q?
5
Let u(q) = -4*q - 12. Let h be u(-6). Let f = 31 - h. List the prime factors of f.
19
Let v(m) = 21*m + 1. Let s be v(-1). What are the prime factors of s/6*54/(-15)?
2, 3
Suppose -6*m = -402 - 396. List the prime factors of m.
7, 19
Let u be ((-3)/3 - 5)*-1. Suppose -k + u + 23 = 4*w, 3*w - 129 = -4*k. List the prime factors of k.
3, 11
Let j = 48 + -36. What are the prime factors of j?
2, 3
Suppose -r - 3*o + 155 = 0, r = -r - 2*o + 318. List the prime factors of r.
7, 23
Let n be (-142)/(-16) + 1/8. Let q = n + -3. What are the prime factors of q?
2, 3
Let i be (-4)/22 - (-280)/88. Suppose 0*h + i*h = 6. What are the prime factors of h?
2
Suppose -3*r - 123 = -5*s, 3*r - 23 = 3*s - 98. Suppose c - t + 3 = 0, -t + s = -5*c + t. What are the prime factors of (c/(-9))/(2/12)?
2
Let m = 21 + -29. Let g(l) = -l**2 - 8*l + 1. Let j be g(m). What are the prime factors of (-18)/(-3)*j - 1?
5
List the prime factors of 5*1 - (-24)/6.
3
What are the prime factors of (-2)/9 - (-191)/9?
3, 7
Let y = -12 + 12. Suppose q - 9 = -y. List the prime factors of q.
3
Let t(x) = -x**3 + 8*x**2 + 2*x - 14. What are the prime factors of t(6)?
2, 5, 7
Suppose -4*r + 167 = 5*u, 5*u - 19 = -r + 34. What are the prime factors of r?
2, 19
Let z(i) be the first derivative of -3*i**2 - 9*i + 2 - 1/4*i**4 + 3*i**3. List the prime factors of z(8).
7
Let x be 0/(-3*4/6). Suppose -5*o + x = -15. List the prime factors of o.
3
Let n(g) be the first derivative of -13*g**2 - g - 2. Let v be n(-1). List the prime factors of 0 + (v + 1)/2.
13
Let b(a) = a**3 + 10*a**2 + 3*a + 4. Let f be b(-8). Suppose 3*p - f = -18. What are the prime factors of p?
2, 3, 5
Suppose 0*d = 3*d. Suppose d = 2*s - 5 - 9. List the prime factors of s.
7
Let c(s) = s**3 - 9*s**2 - 2*s - 14. Let d(a) = -a**3 + 9*a**2 + a + 15. Let q(n) = 5*c(n) + 4*d(n). What are the prime factors of q(10)?
2, 3, 5
List the prime factors of 20/(-3 + 7 - 3).
2, 5
Suppose j + 0*j - 14 = 0. Let z = -5 + j. What are the prime factors of z?
3
Suppose 2*k + 2 = 12. Let q(z) = z**3 - 3*z**2 - 7*z + 7. What are the prime factors of q(k)?
2, 11
Let f(n) = n + 3. List the prime factors of f(1).
2
Suppose -108 = x + 2*x. Let b = 63 + x. What are the prime factors of b?
3
Suppose 4*p + 3*v - 95 + 2 = 0, 4*v + 128 = 4*p. List the prime factors of p.
3
Suppose -7*q = -2005 + 626. What are the prime factors of q?
197
Suppose -6*g + 50 = -g. Suppose -2*p = 3*p - g. What are the prime factors of p?
2
Let k be 1/(-3)*(7 + -7). Let d(j) = k*j**2 + j**3 + 0*j - 3*j - 9 + 5*j**2 - 7*j. What are the prime factors of d(-6)?
3, 5
Let f(l) = l**2 + 0 - 4*l - 4 - l**2 + l**2. What are the prime factors of f(-3)?
17
Suppose 25 = -5*l, 4*v + 24 = -l + 55. Let h(x) = 3*x + 11. Let n(u) = -4*u - 11. Let y(w) = 5*h(w) + 4*n(w). What are the prime factors of y(v)?
2
Let d = -1 + 10. Let b = -4 + d. List the prime factors of b*(-2 - (-48)/15).
2, 3
Let u = 121 + -218. Let q = u - -151. What are the prime factors of q?
2, 3
Let u(m) = 12*m**2 - m. Let s be u(1). Let y = 22 - s. List the prime factors of y.
11
Let z = -45 + 82. What are the prime factors of z?
37
Let u be 8/(-3)*153/(-12). Suppose 43 = 3*c + z, -c = c + 2*z - u. List the prime factors of c.
13
Let c be (6/(-2))/(1/(-1)). Suppose 50 = 2*t + 3*t. Let a = t + c. What are the prime factors of a?
13
Let m(f) = f + 17. List the prime factors of m(-8).
3
Let d(l) = l + 1. Let v(y) = -y + 1. Let k(n) = 2*d(n) + v(n). Let s be k(-2). What are the prime factors of s - -8*1 - 0?
3
Suppose 0 = 2*a + 11 + 13. Let j be ((-2)/4)/((-2)/(-12)). Let h = j - a. What are the prime factors of h?
3
Let p be 1*(3 - 4/2). Let h = p + 10. List the prime factors of h.
11
Let i(f) = f**2 + 9*f - 29. List the prime factors of i(-16).
83
Suppose 4*a - 96 = -2*g, -a + 2*g = -2*a + 24. Let v = 18 + -31. Let h = v + a. List the prime factors of h.
11
Suppose 0 = -3*f + 9, 346 = 3*t + t - 2*f. List the prime factors of t.
2, 11
Let k(x) = 6*x**2 + 1. Let f(t) = -t - 4. Let d be f(-8). Suppose b - 3 = d*b. What are the prime factors of k(b)?
7
Let q(w) = w**2 - 3. Let a be q(0). List the prime factors of 48/3*(a - -4).
2
Let s = -9 - -5. Let w = 16 - s. List the prime factors of w.
2, 5
Let n be 9/(1*(2 - 1)). Let m = 10 + -10. What are the prime factors of m - 3/(n/(-15))?
5
List the prime factors of (2/6)/((-2)/(-426)).
71
Suppose 3*a - a - 96 = 0. Suppose -a = -3*f + 6. Suppose 44 = 2*p + f. List the prime factors of p.
13
Let y = 14 + -7. Let o = 8 - y. Suppose 5*g + 3*p = 15, 0 = 5*g + p - o - 24. List the prime factors of g.
2, 3
Suppose -3*v + 43 + 77 = 0. List the prime factors of v.
2, 5
Let n = 1 + 1. Let k = 22 + n. What are the prime factors of k?
2, 3
Suppose -3*q + 6*q - 90 = 0. Suppose 0 = -4*u - 3*f + 14 + 8, 4*u - f - q = 0. What are the prime factors of u?
7
Let s(v) = -6*v + 7*v**2 - v**3 + 2*v**3 + 8 + 0*v. Let w be s(-8). Let m(d) = d**2 + 6*d - 4. List the prime factors of m(w).
2, 3
Let c(m) = 56*m**3 - m**2. Let x be c(1). Suppose -4*o + x = o. What are the prime factors of o?
11
Let j(z) = 2 + 2 + z - 2. Let o = -8 + 15. List the prime factors of j(o).
3
Let y(x) = 2*x**3 - x**2 - 2*x - 1. List the prime factors of y(3).
2, 19
Let a(i) = -i**2 - 4*i - 1. Let h be a(-3). Suppose h*s - s = 49. Suppose 7 = -2*d + s. What are the prime factors of d?
3, 7
Suppose 3*s - 257 = -f, 6*f - 4*s = 3*f + 706. List the prime factors of f.
2, 11
Let b = -3 + 4. Suppose -5*h = -0*h + 25. Let f = b - h. List the prime factors of f.
2, 3
Suppose 2*k = -0*k. Let r = k - -16. List the prime factors of r.
2
Let u(m) = m**2 + m - 3. Let w be u(-3). Let t(r) = r**3 - 3*r**2 + 2. What are the prime factors of t(w)?
2
Let m(c) = c**3 + 9*c**2 + 10. Let q be m(-9). Let t = q - 4. What are the prime factors of t?
2, 3
Let x be ((-3)/(-1))/(-4 - -3). Let f(q) = q**3 + 4*q**2 - q. What are the prime factors of f(x)?
2, 3
Let m(v) = 2*v - 10. Let p be m(6). What are the prime factors of 24/(-16) + 85/p?
41
Let r = -18 + 25. Let v = r - 5. Suppose -b - v = -2*b. What are the prime factors of b?
2
Suppose 2*p + 154 = 5*u - 0*u, -2*p - 4 = 0. What are the prime factors of u?
2, 3, 5
Let d = 13 + 8. What are the prime factors of d/(-6)*(-3 + -1)?
2, 7
Suppose m - 3*m + 18 = 2*a, -4*m = -20. Suppose -a*g = 3*l - 105, -g + 0*g - l + 26 = 0. What are the prime factors of g?
3
Suppose -5*s + 29 = 2*a, 6*a + 3*s = 2*a + 37. Let g = a + -4. Suppose -g*d + 5 - 17 = 0, -f + 5*d + 32 = 0. What are the prime factors of f?
2, 3
Suppose 8*q - 76 = 4*q. Wha